e s - y = -s + 5*w, 12 = s - 5*w. Suppose 0 = s*i + 3*i, l - 17 = -5*i. Calculate the remainder when 67 is divided by l.
16
Suppose -3*c + 2*f + 20 = 0, -2*f - 8 = -3*c - 3*f. What is the remainder when 614/c - (-11)/22 is divided by 39?
37
Let l(b) = -11*b + 12. Let o(h) = 4*h**2 + 13*h - 4. Calculate the remainder when l(-10) is divided by o(-5).
29
Let s = 8 + 15. Let r = 36 - s. What is the remainder when 0 + 40 - (-1 - -3) is divided by r?
12
Suppose -5*i + 4*i + 10 = 0. Let b be 4*(2 - -9) + 0. Suppose 4*w - 276 = -b. Calculate the remainder when w is divided by i.
8
Let q = -88 + 134. Let h(w) = w**3 + 5*w**2 - 1. Let g be h(-5). What is the remainder when q is divided by 13 + g/(-2)*-2?
10
Let z = 327 + -288. What is the remainder when z is divided by 7?
4
Suppose -26 = -3*u - j, -2*u - 4*j = -17 - 7. Let o(c) = -c**2 + 11*c - 19. What is the remainder when 11 is divided by o(u)?
1
What is the remainder when -27 - -28 - (2 + -27) is divided by 12?
2
Let b be 0/(1/(-1)*-1). Suppose -2*w - 9 = d, -5*d + b*w - 30 = 5*w. What is the remainder when ((-27)/12)/(d/72) is divided by 14?
12
Let n(p) = p**3 + 10*p**2 - 9*p - 15. Let j be n(-11). Let w = 51 + j. Calculate the remainder when 41 is divided by w.
13
Suppose 5*o - 10 = -0*o. Let a(p) = 4 + 7*p + p**o + p**2 - 6. Calculate the remainder when a(-5) is divided by 7.
6
Let o = 1287 + -1238. Calculate the remainder when 488 is divided by o.
47
What is the remainder when (17985/44)/((-6)/(-8)) is divided by 26?
25
Suppose 7 = 5*i - 18. Suppose -7*c = i*c - 216. Suppose -5*k = 2*q - 52 - 113, -4*k + 132 = 4*q. What is the remainder when k is divided by c?
15
Suppose 0*p + 15 = p. Suppose -33 = -2*t + 3*v, 3*t + 51 = 8*t + 3*v. Suppose -t = -h - 2*z, h - 5*z + 12 = -h. Calculate the remainder when p is divided by h.
3
Let j(t) = -30*t - 295. Calculate the remainder when 231 is divided by j(-11).
21
Let z = -23 - -40. Suppose 11*t + 10*t - 630 = 0. What is the remainder when t is divided by z?
13
Suppose -k = 3*j - 66, 81 + 27 = 5*j + k. Let c = 173 - 123. What is the remainder when c is divided by j?
8
Calculate the remainder when ((-300)/8)/(3/(-8)) is divided by 18.
10
Let p(b) = 4*b - 27. Let x be p(15). Let s = x + -28. Suppose -7 = -w - 3*o, 4*w + 3*o = 6*o + 88. What is the remainder when w is divided by s?
4
Let y be (-3)/(-6 - -3) + -5. Suppose -2*b + 0*b + 2*w + 116 = 0, w + 223 = 4*b. What is the remainder when b is divided by 1 + 4/y - -14?
13
Suppose 23*f - 1676 + 365 = 0. Calculate the remainder when 124 is divided by f.
10
Suppose 2*n = -3*n. Suppose 2*s + n*s = 46. Suppose 4*f + 0*f - 24 = 0. What is the remainder when s is divided by f?
5
Suppose 5*d = -34 + 149. Let v = d + -15. Calculate the remainder when 23 is divided by v.
7
Suppose -7*l + 5*q = -10*l + 10, -5*q - 50 = -3*l. Calculate the remainder when l is divided by 5.
0
Suppose u - 50 = 3*a, 4*u - 214 = -0*a - 2*a. Let h = -39 + u. Calculate the remainder when 25 is divided by h.
11
Suppose -d - 4 = 0, 4*v - 5*d - 2 = 82. What is the remainder when v is divided by (0 + 10 - 1)*1?
7
Suppose 0*r - 3*r = 0. Let b(l) = l**3 + l**2 - 2*l + 66. Calculate the remainder when b(r) is divided by 14.
10
Suppose -245 = -5*r + 5*v, -3*r + v + 1065 = 920. Let g = 2 - -8. Calculate the remainder when r is divided by g.
8
Let c = 47 + -26. Suppose 231 = -14*q + c*q. Calculate the remainder when 63 is divided by q.
30
Suppose w - 2*x = 33, -w - 3*x - 87 = -4*w. What is the remainder when 123 is divided by w?
23
Let q(d) = 5*d + 4. Suppose -n = 2*i - 1, -6*i - 5*n = -i - 15. Let x be q(i). Calculate the remainder when x/(-21) + 160/28 is divided by 4.
2
Suppose 5*s - 5 - 10 = 0. Suppose -3*r + 0*k + 9 = -s*k, -3*k - 15 = -4*r. What is the remainder when 6*((-20)/(-3))/4 is divided by r?
4
Suppose u + 322 = 5*z, -4*u = -4*z + 279 - 15. Calculate the remainder when z is divided by 33.
31
Let g(k) = -12*k**3 - 28*k**2 - 11*k + 3. Calculate the remainder when g(-5) is divided by 36.
30
Let r be (-2424)/(-10) - (-2)/(-5). Let t = r - 152. Let a = -57 + 80. What is the remainder when t is divided by a?
21
Suppose -h + 8 = -5*h. Let y be 14/(-4)*h/7. Calculate the remainder when 73 is divided by -3 - (-2)/y - -26.
23
Let z = 47631 - 47587. Suppose -h = -0*h + u - 1, 15 = -5*h + 5*u. Calculate the remainder when z is divided by -1*(-14 - h/(-1)).
14
Suppose 13*w - 8*w = 0. Let a(i) = -i**3 + i**2 + 20. Calculate the remainder when 94 is divided by a(w).
14
Suppose -11*p + 2*p = 27. Calculate the remainder when p/(3/(-4)) - -30 is divided by ((-9)/12)/((-3)/72).
16
Suppose -25*d + 233 = -267. Suppose 11 = p - 0. Suppose -4*a + p = -3*a. What is the remainder when d is divided by a?
9
Let o(v) = -v**3 - 7*v**2 - 9*v - 6. Let w be o(-6). What is the remainder when (-16)/6*(-243)/w is divided by 14?
12
Let u = -60 + 113. Let m = 64 - u. Suppose -3 - 5 = -2*r. What is the remainder when m is divided by r?
3
Suppose -4*j = -n - 0*n + 23, 0 = 4*j + 16. Let u be (-3 + 2)*0 + -3. Let c = 2 - u. What is the remainder when n is divided by c?
2
Let x(j) = -j**3 - 9*j**2 - 11*j + 4. Let l = 35 - 43. What is the remainder when 107 is divided by x(l)?
23
Suppose -5*t = f - 38, -5*f + 4*t + 156 - 24 = 0. Calculate the remainder when f is divided by 16.
12
Suppose 0 = -f + 4*t + 11, -f + 4*f + 2*t = 19. Let r(j) = -j + 33. Calculate the remainder when r(-14) is divided by f.
5
Let o = -9 - -12. Suppose 6 = 7*k - 3*k - o*i, 2*i + 4 = 0. Suppose -4*b + 24 = -k*b. What is the remainder when 23 is divided by b?
5
Suppose -2*k + 4*x = -0*x - 64, 4*x - 272 = -6*k. What is the remainder when 129 is divided by k?
3
Let o = 3 + -1. Let f = -6 - -3. Calculate the remainder when 3 - (-1 + 4 + f) is divided by o.
1
Let v(b) = -b**3 + 11*b**2 + 15*b. Calculate the remainder when 58 is divided by v(12).
22
Let b(x) = 154*x + 697. What is the remainder when b(-4) is divided by 63?
18
Suppose f + 6 = 2*f. Let k(s) = s**2 + 2*s + 2. Let n be k(0). Suppose -73 = -3*x + 5*v, -x + 65 = n*x - v. What is the remainder when x is divided by f?
3
Suppose -9335*z - 261 = -9344*z. Suppose -4*l = -10 - 10. What is the remainder when z is divided by l?
4
Let m = -110 - -110. Suppose m = -5*v - 25, -3*t + v + 0*v = -131. Calculate the remainder when 165 is divided by t.
39
Suppose -20*y + 21 = -13*y. Let d(j) = j**2 - j - 1. Calculate the remainder when 17 is divided by d(y).
2
Suppose 4*d - 9 - 375 = 0. What is the remainder when d is divided by 49?
47
Let x = 436 - 412. Calculate the remainder when 42 is divided by x.
18
Let p be (-1495)/45 - 4/(-36)*2. Let c(m) = -5*m. Calculate the remainder when 2/(-11) + (-633)/p is divided by c(-1).
4
Let f(b) = -3*b**3 - b**2 + 8*b + 9. Let m = -51 + 88. What is the remainder when m is divided by f(-2)?
11
Suppose -5*i + 615 = 5*t, -5*i + 867 = t + 248. Calculate the remainder when i is divided by 40.
4
Suppose 1004*z = 1009*z - 1565. What is the remainder when z is divided by 104?
1
Suppose 5*z = 5*x + 35, -x - 16 = 3*x. Calculate the remainder when 203 is divided by z.
2
Suppose 0 = 2*r - r + 9. Let t = r - -20. Suppose 0 = -3*y + 65 - 47. Calculate the remainder when t is divided by y.
5
Suppose -j - 2*s = -13, 0*j - 3*s = 3*j - 33. What is the remainder when 34 is divided by j?
7
Let g = 143 + -98. Let c = 110 - 44. Let o = -54 + c. What is the remainder when g is divided by o?
9
Let m(n) = 2*n**3 + 15*n**2 - 20*n - 1. Let t be m(9). Suppose -14*c + t + 854 = 0. Calculate the remainder when c is divided by 48.
47
Let f = 1060 + -1031. What is the remainder when 138 is divided by f?
22
Suppose -6 = -m + 6. Let z be 1 + 0 + 18 - 2. Suppose -f - z = -51. What is the remainder when f is divided by m?
10
Let n = -57 - -135. Let z be 0 - -20 - 0*(-6)/(-36). Let p(k) = -k**2 + 17*k + 76. Calculate the remainder when n is divided by p(z).
14
Let z(p) = p**3 - 23*p**2 + 21*p + 26. What is the remainder when 4 is divided by z(22)?
0
Let x(f) = -f**3 + 4*f**2 + 4*f - 7. What is the remainder when 0 - 1 - 1 - -46 is divided by x(4)?
8
Suppose 0 = -3*l - a + 10, -a - 45 = -5*l + 3*a. What is the remainder when (-89)/(((-15)/l)/3) is divided by 13?
11
Let f = 59 - 65. Calculate the remainder when 2 is divided by (40/30)/(f/(-9)).
0
Let j = 7 - 17. Let 